 -379 (base 10) to base 6.
-1431
Convert -120210 (base 3) to base 7.
-1146
110001011010101 (base 2) to base 14
9313
What is 567 (base 8) in base 6?
1423
What is 100200 (base 3) in base 9?
320
What is -219 (base 13) in base 7?
-1023
342 (base 9) to base 2
100011001
Convert -13 (base 4) to base 3.
-21
What is -300520 (base 6) in base 15?
-6e80
Convert -2201121201 (base 3) to base 10.
-53668
-13221 (base 4) to base 13
-2b8
What is -20b (base 12) in base 9?
-362
-101001101001000 (base 2) to base 5
-1140240
What is 1310 (base 7) in base 9?
612
Convert 13811 (base 14) to base 8.
136147
789b (base 12) to base 3
200100002
-313542 (base 6) to base 3
-1021221122
What is -281 (base 10) in base 7?
-551
10a49 (base 11) to base 13
7315
-b5c (base 15) to base 9
-3456
-2122200022 (base 3) to base 10
-52253
Convert 3e67 (base 15) to base 6.
141524
Convert -265420 (base 7) to base 13.
-1996c
Convert -2d49 (base 15) to base 12.
-5780
1000110100 (base 2) to base 7
1434
1101011110101 (base 2) to base 15
20a1
-13048 (base 13) to base 10
-35212
Convert 3f4 (base 16) to base 6.
4404
Convert -341 (base 6) to base 10.
-133
Convert 10101011 (base 2) to base 16.
ab
Convert 11102001 (base 3) to base 14.
1258
Convert -3736 (base 8) to base 10.
-2014
-444135 (base 6) to base 15
-b05b
Convert -763 (base 13) to base 15.
-594
What is 13b64 (base 13) in base 10?
37093
1234 (base 5) to base 11
167
4378 (base 11) to base 10
5772
-17425 (base 9) to base 14
-453d
What is 11766 (base 8) in base 6?
35354
What is -1000000111111111 (base 2) in base 15?
-9cd9
What is 7c1 (base 14) in base 13?
917
Convert -21 (base 12) to base 15.
-1a
-14 (base 12) to base 15
-11
1474 (base 13) to base 4
232120
What is 7625 (base 13) in base 11?
11381
What is -111020 (base 3) in base 5?
-2412
Convert 342 (base 16) to base 12.
596
-7940 (base 10) to base 6
-100432
Convert -235 (base 8) to base 6.
-421
What is -388b (base 16) in base 8?
-34213
Convert -3011202 (base 5) to base 16.
-ba3d
Convert -4254 (base 10) to base 5.
-114004
Convert 1121102 (base 3) to base 2.
10010010100
13301 (base 6) to base 10
2053
101110100001001 (base 2) to base 7
126303
Convert 18064 (base 10) to base 12.
a554
Convert 3ac (base 13) to base 8.
1211
Convert -15957 (base 12) to base 15.
-9194
What is -1059 (base 13) in base 4?
-203133
Convert 2430 (base 7) to base 15.
403
What is -61 (base 15) in base 12?
-77
What is -22304 (base 6) in base 9?
-4264
14303 (base 5) to base 14
61d
What is -96 (base 16) in base 11?
-127
What is -38c (base 16) in base 13?
-54b
Convert 224 (base 6) to base 11.
80
Convert -33b (base 12) to base 8.
-737
Convert 76b (base 12) to base 5.
13331
-6203 (base 8) to base 10
-3203
-10000011010001 (base 2) to base 10
-8401
What is -1122 (base 10) in base 14?
-5a2
Convert -367b (base 12) to base 11.
-4685
What is -13554 (base 7) in base 3?
-12002120
13512 (base 6) to base 3
2220222
-222200111 (base 3) to base 6
-230021
What is -55939 (base 11) in base 7?
-455061
What is -110101100110 (base 2) in base 9?
-4631
Convert -989 (base 10) to base 13.
-5b1
2132332 (base 4) to base 5
311144
-111333 (base 5) to base 9
-5388
3e14 (base 15) to base 4
3033232
3d0 (base 15) to base 12
606
Convert -f063 (base 16) to base 12.
-2b743
Convert -2fb (base 16) to base 7.
-2140
Convert 2d31 (base 16) to base 12.
6841
Convert -6468 (base 9) to base 14.
-1a40
-3031 (base 8) to base 12
-aa1
What is -205 (base 9) in base 11?
-142
What is 21206 (base 9) in base 11?
a595
Convert 11122000 (base 3) to base 11.
2599
What is 1100110111001 (base 2) in base 10?
6585
-1007 (base 14) to base 4
-222333
What is 174d4 (base 15) in base 11?
5167a
Convert -3012 (base 7) to base 5.
-13123
What is -1909 (base 12) in base 9?
-4140
Convert -133 (base 5) to base 16.
-2b
What is -64265 (base 7) in base 8?
-37063
-1625 (base 11) to base 2
-100000100100
Convert 100c (base 16) to base 11.
30a5
12324 (base 5) to base 12
684
-143324 (base 5) to base 8
-13711
What is 11101000 (base 2) in base 8?
350
What is -191 (base 10) in base 8?
-277
What is 924 (base 14) in base 2?
11100000100
What is -183a6 (base 11) in base 10?
-25768
-27258 (base 10) to base 8
-65172
896 (base 15) to base 13
b64
b85 (base 16) to base 5
43244
-487 (base 9) to base 5
-3103
-17c3 (base 16) to base 2
-1011111000011
Convert -481 (base 10) to base 3.
-122211
-1101101011 (base 2) to base 11
-726
What is -1152315 (base 6) in base 16?
-f017
-22758 (base 11) to base 6
-412034
What is -649d (base 16) in base 14?
-955b
What is -8850 (base 12) in base 8?
-35274
Convert -254541 (base 6) to base 9.
-34617
What is 30454 (base 10) in base 7?
154534
What is -1211 (base 7) in base 9?
-548
What is -1178 (base 11) in base 16?
-601
-11012011121 (base 3) to base 2
-10100001001000101
-2321040 (base 5) to base 14
-11456
-536 (base 11) to base 4
-22010
5a59 (base 11) to base 16
1ef9
Convert -a338 (base 14) to base 8.
-66656
What is 1110 (base 4) in base 6?
220
What is -31413 (base 5) in base 9?
-2802
Convert -941 (base 11) to base 5.
-14014
1100100111 (base 2) to base 3
1002220
-1100101010000001 (base 2) to base 7
-304066
Convert 83a (base 13) to base 11.
1064
Convert 11132210 (base 4) to base 3.
1010202222
-110010 (base 3) to base 13
-1c2
Convert 2010102 (base 3) to base 5.
22200
Convert 29b (base 15) to base 12.
418
What is 352 (base 10) in base 9?
431
Convert -13254 (base 7) to base 14.
-142b
Convert 11130 (base 5) to base 11.
659
Convert -201000012 (base 3) to base 9.
-21005
What is -199 (base 12) in base 15?
-126
-39b (base 12) to base 4
-20213
What is -13113 (base 4) in base 12?
-333
Convert -969b (base 13) to base 11.
-14794
Convert 111101 (base 4) to base 8.
2521
-111433 (base 7) to base 12
-b537
What is 537 (base 11) in base 4?
22011
Convert -75724 (base 10) to base 9.
-124777
What is -1b39 (base 12) in base 11?
-2582
10100111 (base 2) to base 12
11b
-3bc2 (base 15) to base 4
-3013232
-2204240 (base 5) to base 8
-112266
What is 317 (base 10) in base 9?
382
Convert -11500 (base 6) to base 13.
-a02
Convert -1056 (base 9) to base 2.
-1100001100
What is -16215 (base 8) in base 4?
-1302031
-343 (base 9) to base 16
-11a
d1b (base 14) to base 2
101000001101
Convert -58 (base 12) to base 6.
-152
Convert -391 (base 10) to base 16.
-187
-162 (base 10) to base 16
-a2
What is -12a (base 12) in base 16?
-b2
Convert 2202111011 (base 3) to base 11.
37885
Convert 10746 (base 8) to base 5.
121312
43244 (base 5) to base 7
11412
3cc (base 14) to base 16
300
11255 (base 6) to base 2
11001010011
Convert -4b1 (base 13) to base 3.
-1010101
What is -1a804 (base 12) in base 10?
-39172
What is -7491 (base 13) in base 14?
-5c73
31221 (base 4) to base 15
3d3
Convert 1b (base 14) to base 3.
221
Convert 23413 (base 6) to base 4.
311001
50d (base 16) to base 5
20133
-23b4 (base 13) to base 12
-2b08
What is -111011 (base 4) in base 7?
-3635
-1275 (base 10) to base 14
-671
What is -131452 (base 6) in base 7?
-50102
What is -1913 (base 14) in base 12?
-2751
What is -16330 (base 10) in base 4?
-3333022
What is -f21 (base 16) in base 9?
-5273
28ad (base 16) to base 3
112021200
213331 (base 4) to base 5
40212
Convert -ccc (base 16) to base 9.
-4440
What is 490 (base 12) in base 4?
22230
Convert 6211 (base 8) to base 15.
e3e
What is -455 (base 10) in base 14?
-247
What is -af4 (base 16) in base 15?
-c6e
-6394 (base 13) to base 9
-20844
What is -4426 (base 15) in base 8?
-34144
Convert 13020 (base 4) to base 8.
710
What is -332401 (base 5) in base 16?
-2d51
What is 2715 (base 8) in base 14?
781
Convert -10211111 (base 3) to base 9.
-3744
What is 2442 (base 6) in base 8?
1132
Convert 18a5a (base 13) to base 7.
256441
What is 3249 (base 10) in base 7?
12321
284 (base 13) to base 11
376
Convert -914 (base 13) to base 2.
-11000000010
-303 (base 14) to base 7
-1503
-24992 (base 13) to base 16
-107de
What is -929 (base 11) in base 9?
-1474
Convert 1122212 (base 3) to base 8.
2273
What is 3973 (base 15) in base 3?
121211000
What is 2b47 (base 12) in base 14?
1bdd
Convert 263 (base 11) to base 14.
183
What is -23716 (base 9) in base 5?
-1002031
Convert 43133 (base 6) to base 5.
142024
3472 (base 8) to base 9
2475
What is -606 (base 10) in base 14?
-314
What is 2087 (base 9) in base 5?
22122
Convert 1822 (base 12) to base 5.
43111
341312 (base 5) to b